*w**2 + 22*w + 21. Determine z(-1).
26
Let a(g) = -g**3 + 9*g**2 + 336*g + 98. Determine a(-14).
-98
Let t(f) = 3*f**2 + 9*f - 935. What is t(-19)?
-23
Let q(z) = -19*z**2 + 10*z + 3. What is q(2)?
-53
Let n(j) = 12*j**3 + j**2 + 61*j + 60. Calculate n(-1).
-12
Let d(v) = 21*v - 198. Determine d(14).
96
Let n(r) = 1327*r + 2333. Determine n(-2).
-321
Let d(s) = 2*s**2 + 55*s - 255. What is d(-28)?
-227
Let x(r) = r**3 + 22*r**2 + 3*r + 11. Calculate x(-9).
1037
Let v(q) = -q**2 + 10*q + 20. What is v(6)?
44
Let z(a) = 3*a**2 + 112*a + 27. What is z(-37)?
-10
Let k(m) = 2*m**2 + 37*m - 1155. Give k(-35).
0
Let z(r) = -r**3 - 19*r**2 + 3*r + 360. Calculate z(-18).
-18
Let s(k) = -6*k - 73. What is s(-2)?
-61
Let b(d) = -173*d**2 - 702*d - 44. Determine b(-4).
-4
Let p(y) = y**3 + 17*y**2 - 42*y - 25. Determine p(-19).
51
Let v(j) = 9081*j - 63573. Give v(7).
-6
Let w(u) = u**3 + 6*u**2 - 52*u + 14. What is w(-11)?
-19
Let z(q) = -2*q**2 + 1904*q + 11513. Determine z(-6).
17
Let x(w) = 2*w**2 + 72*w + 301. Calculate x(-5).
-9
Let q(g) = g**3 + 14*g**2 + 75*g - 80. Give q(-11).
-542
Let m(t) = -9*t + 176. Calculate m(30).
-94
Let o(r) = -74*r - 2120. What is o(-31)?
174
Let n(v) = v**2 - 79*v + 82. Determine n(0).
82
Let x(m) = -593*m - 2362. Determine x(-4).
10
Let n(c) = c**2 + 31*c - 557. What is n(-44)?
15
Let r(u) = -24*u - 32. Calculate r(-5).
88
Let x(t) = 21*t - 1189. Give x(51).
-118
Let o(k) = k**3 + 27*k**2 - 24*k + 73. Determine o(-28).
-39
Let y(d) = -d**3 + 32*d**2 + 62*d + 34. Give y(34).
-170
Let g(z) = 80*z**2 - 485*z + 33. Determine g(6).
3
Let s(d) = -d**2 - 131*d + 1889. What is s(13)?
17
Let b(k) = -16*k**3 + 2*k**2 + 118*k + 117. What is b(-1)?
17
Let a(s) = -8*s + 452. Calculate a(58).
-12
Let s(f) = f**2 + 4159*f - 9. Determine s(0).
-9
Let f(u) = u**2 + 47*u + 221. Calculate f(-32).
-259
Let o(k) = k**3 - 17*k**2 - 263*k + 68. Determine o(-10).
-2
Let f(i) = i**3 + i**2 + 18*i + 185. Give f(-5).
-5
Let t(s) = -s**2 + 16*s - 95. Give t(9).
-32
Let f(h) = 120*h - 885. What is f(7)?
-45
Let p(w) = -89*w - 359. Give p(-4).
-3
Let p(z) = -34*z - 595. Give p(-16).
-51
Let k(t) = 11*t + 675. Calculate k(-61).
4
Let m(t) = -46*t - 817. Calculate m(-18).
11
Let t(a) = a**3 - 32*a**2 + 62*a - 216. Give t(30).
-156
Let t(q) = -q**2 - 25*q + 7. Give t(-22).
73
Let n(x) = 176*x**3 - 3*x**2 + 2*x - 1. Calculate n(1).
174
Let w(o) = 466*o - 3754. What is w(8)?
-26
Let x(u) = -157*u - 43. Calculate x(2).
-357
Let h(j) = j**3 - 2*j**2 + j + 30. Calculate h(-6).
-264
Let z(b) = b**2 - 10*b - 31. Calculate z(17).
88
Let z(v) = -24*v - 103. Determine z(-13).
209
Let s(p) = 2*p**2 + 65*p - 35. What is s(-34)?
67
Let r(n) = 2*n**2 + 58*n - 9. What is r(-29)?
-9
Let a(q) = q**3 - q**2 + 48*q + 172. Calculate a(-3).
-8
Let a(y) = y**2 - 13*y + 166. Give a(20).
306
Let f(p) = -2352*p - 84679. What is f(-36)?
-7
Let b(m) = 56*m - 115. Determine b(4).
109
Let z(i) = 2*i**3 - 113*i**2 + 60*i - 121. Give z(56).
103
Let n(d) = -4*d**3 - 485*d**2 - 116*d - 15. Give n(-121).
-620
Let t(j) = j**2 + 419*j - 6940. Calculate t(16).
20
Let m(t) = t**2 + 88*t + 1068. Determine m(-91).
1341
Let f(p) = 10*p - 507. Give f(50).
-7
Let s(z) = z**3 + 12*z**2 - 86*z - 37. Calculate s(-17).
-20
Let i(z) = -z**2 - 16*z + 340. What is i(12)?
4
Let z(f) = -38*f + 127. Calculate z(8).
-177
Let g(b) = 2621*b + 28834. Give g(-11).
3
Let m(u) = 2*u**3 - 24*u**2 - 27*u - 7. Determine m(13).
-20
Let g(b) = -53*b - 4237. Calculate g(-84).
215
Let q(c) = c**3 + 21*c**2 - 158*c + 86. What is q(-27)?
-22
Let o(a) = 5*a**2 - 75*a - 1873. What is o(-13)?
-53
Let w(u) = -14094*u - 98676. What is w(-7)?
-18
Let p(m) = 16*m**3 + m**2 - 3*m - 3. Determine p(-1).
-15
Let w(x) = -637*x**2 + 8919*x - 10. Calculate w(14).
4
Let a(g) = -4*g**3 + 598*g**2 + 303*g - 444. Give a(150).
6
Let i(u) = -19*u**2 - 4*u - 13. Calculate i(-2).
-81
Let x(g) = -101*g + 4577. What is x(43)?
234
Let a(o) = o**3 - 32*o**2 + 43*o - 370. Calculate a(31).
2
Let r(w) = 48*w - 5180. Calculate r(105).
-140
Let h(p) = 8114*p + 32463. What is h(-4)?
7
Let n(h) = 10*h**2 + 188*h + 454. Determine n(-16).
6
Let r(y) = 2*y**3 + 3*y**2 + 295*y + 897. Determine r(-3).
-15
Let x(o) = -15*o**3 + 225*o**2 - 14*o + 230. Give x(15).
20
Let i(f) = f**2 + 64*f + 449. What is i(-13)?
-214
Let k(m) = -m**2 + 7*m + 201. Calculate k(-11).
3
Let l(b) = 11*b**3 + 5*b**2 + 6*b + 4. Give l(-2).
-76
Let h(t) = -130*t - 25347. What is h(-195)?
3
Let l(d) = -d**2 - d - 37. Give l(0).
-37
Let x(q) = 1247*q + 3810. Determine x(-3).
69
Let q(n) = n**3 - n + 38. Determine q(0).
38
Let l(c) = 6*c**2 - 20*c + 3. Give l(2).
-13
Let o(i) = -i**2 + 13*i + 35. Calculate o(16).
-13
Let p(q) = -12*q + 318. Calculate p(21).
66
Let p(c) = -2*c**3 + 50*c**2 - 45*c - 111. What is p(24)?
-39
Let m(p) = -27*p**2 - 114*p + 6. Calculate m(-7).
-519
Let c(n) = -2*n**3 - 86*n**2 - 505*n - 40. Give c(-36).
-4
Let a(c) = -c**3 + 2*c**2 + 18*c + 10. Determine a(0).
10
Let r(p) = 6097*p - 67062. Determine r(11).
5
Let q(h) = -103*h - 2715. Give q(-28).
169
Let r(b) = -6*b**2 - 100*b - 433. Give r(-9).
-19
Let l(y) = -2*y**2 + 83*y - 231. Determine l(3).
0
Let f(s) = -6*s**2 + 37*s + 51. Give f(8).
-37
Let x(z) = 27*z**3 - 106*z**2 - 7*z - 7. What is x(4)?
-3
Let f(g) = g**2 - 5*g - 39. Give f(8).
-15
Let p(h) = 3*h**2 - 352*h + 791. What is p(115)?
-14
Let i(a) = 2*a**3 + 18*a**2 - 5*a - 169. What is i(-4)?
11
Let x(s) = -2*s + 102. What is x(-22)?
146
Let u(h) = -2*h**3 + 19*h**2 + 10*h - 222. What is u(9)?
-51
Let m(h) = -h**2 + 37*h + 462. Determine m(-10).
-8
Let y(o) = -o**3 + 2*o**2 + 132*o + 89. Determine y(-10).
-31
Let d(z) = z**2 + 6405*z - 25604. Calculate d(4).
32
Let n(g) = 166*g - 22. Give n(0).
-22
Let w(v) = -12*v**3 - v**2 + 3*v + 1. Give w(-1).
9
Let l(h) = h**3 - 65*h**2 + 64*h - 187. Calculate l(64).
-187
Let x(k) = -1733*k - 5194. What is x(-3)?
5
Let s(x) = 43*x - 293. What is s(7)?
8
Let c(i) = -433*i + 1309. Determine c(3).
10
Let f(s) = -6*s**2 - 115*s - 513. Calculate f(-13).
-32
Let j(c) = c**3 - 22*c**2 - 52*c + 30. Calculate j(24).
-66
Let c(t) = -35*t + 1700. What is c(54)?
-190
Let u(x) = -2*x**3 - 50*x**2 + 13*x + 74. What is u(-25)?
-251
Let z(r) = r**2 - 14*r - 84. Calculate z(19).
11
Let c(x) = -2*x**3 + 25*x**2 - 16*x + 64. Give c(12).
16
Let n(w) = w**3 + 10*w**2 + 10*w - 21. Give n(-5).
54
Let n(w) = -w**3 + 42*w**2 + 80*w + 90. What is n(44)?
-262
Let a(i) = -7*i**2 - 1117*i - 630. What is a(-159)?
6
Let f(g) = -175*g + 11911. What is f(68)?
11
Let i(b) = -b**3 - 7*b**2 - 38*b - 33. What is i(-1)?
-1
Let n(l) = 110*l - 1102. Give n(10).
-2
Let p(i) = -i**3 + 14*i**2 + 738*i + 62. Determine p(-21).
-1
Let p(u) = 15*u**2 - 237*u + 787. Determine p(11).
-5
Let y(t) = -14*t**2 - 83*t - 15. Calculate y(-6).
-21
Let z(y) = y**3 - 6*y**2 - 73*y - 89. What is z(-5)?
1
Let u(s) = -5*s + 148. Determine u(5).
123
Let n(b) = 2*b**2 - 96*b - 408. Determine n(-4).
8
Let b(z) = -z**3 - 242*z**2 - 14640*z - 10. What is b(-120)?
-10
Let t(g) = -11*g**2 - 159*g + 77. Calculate t(-15).
-13
Let s(i) = 50*i + 1312. Give s(-26).
12
Let b(r) = -3042*r + 12168. What is b(4)?
0
Let n(q) = 5*q**2 + 31*q - 15. Determine n(-8).
57
Let d(i) = 26874*i - 80624. Calculate d(3).
-2
Let u(w) = w**2 - 21*w - 4. Determine u(31).
306
Let x(z) = 46*z**2 - 261*z - 27. Give x(6).
63
Let r(w) = -135*w - 3512. Give r(-26).
-2
Let t(m) = 564*m - 1124. Give t(2).
4
Let f(z) = -32*z**2 + 1536*z + 50. Give f(48).
50
Let s(i) = -5*i**2 + 713*i + 2169. Determine s(-3).
-15
Let s(r) = 2003*r - 12033. Calculate s(6).
-15
Let i(q) = -q**3 - 66*q**2 - 510*q + 163. What is i(-57)?
-8
Let o(a) = 3*a**2 - 139*a - 94. Give o(47).
0
Let j(u) = 2*u**3 + 89*u**2 + 37*u - 258. Determine j(-44).
50
Let t(s) = -2*s**2 - 73*s - 141. Calculate t(-2).
-3
Let z(x) = 5*x**2 - 31*x - 372. Give z(-9).
312
Let z(n) = n**3 + 79*n**2 - 5412*n - 42. Calculate z(-123).
-42
Let b(i) = i**3 + 16*i**2 - 20*i + 65. Give b(-17).
116
Let m(o) = -22*o**2 - 403*o - 119. Determine m(-18).
7
Let w(v) = v**3 + 27*v**2 + 3*v + 174. Give w(-27).
93
Let z(p) = -p**2 - 63*p + 579. Calculate z(8).
11
Let q(w) = -w**3 - 38*w**2 + 421*w - 137. Determine q(-47).
-43
Let n(r) = -r**3 - 22*r**2 + 135*r - 4. Calcula